Let d(y) = 5*y**2 + 90. What are the prime factors of d(0)?
2, 3, 5
Suppose 0 = -4*c + 50 + 78. Suppose -c = q - 237. What are the prime factors of q?
5, 41
Suppose 10*o - 459 - 941 = 0. Suppose 3*f - o = -f. What are the prime factors of f?
5, 7
Let p(m) = 2*m + 5. Suppose 0 = 6*r - 4*r - 8. Let j be 8/(16/r) + 2. List the prime factors of p(j).
13
Suppose -208 = -10*s + 362. List the prime factors of s.
3, 19
What are the prime factors of -2 + (0 + 1 - (-378 + -1))?
2, 3, 7
Let g be (-2 - -11)*14/(-21). Let n be g/(-1)*16/24. Suppose -18 - 14 = -2*o - 3*d, n*o - d - 92 = 0. What are the prime factors of o?
2, 11
Suppose 5*i + 3*v = -i + 12636, -2*i = -2*v - 4206. What are the prime factors of i?
5, 421
Suppose -3*i - 29 = 19. List the prime factors of (9/6)/((-54)/i + -3).
2
Let u(y) = -27*y + 68. List the prime factors of u(-6).
2, 5, 23
Suppose 54*d + 28 = 47*d. Let c(b) = -23*b + 8. What are the prime factors of c(d)?
2, 5
Let n(f) = -4*f**3 - f + 1. Let o be (-14 - -14)/(0 + 1). Suppose -3*p = -2 - 1, o = -3*x - 3*p - 3. List the prime factors of n(x).
5, 7
Let i(u) = -u**3 + 4*u**2 - 2*u - 2. Let a be i(2). Let w = -7 - -25. Suppose j - w = a. List the prime factors of j.
2, 5
Suppose 5*q - 3042 - 43 = 0. What are the prime factors of q?
617
Let p(k) = -2*k**3 - 3*k**2 - 2*k - 2. Let h be p(-2). Suppose h = 2*f + f. Suppose b - 5*n - 9 = -f*n, 0 = -3*b - 3*n + 87. What are the prime factors of b?
2, 3
Let k(q) = q**3 + 4*q**2 - q - 2. Let b be k(-4). Suppose 3*v - 600 = -3*n, n = b*n - 4*v - 220. List the prime factors of n.
2, 3, 17
Let j(g) = 4*g**3 - 2*g**2 + 1. Let t be j(1). Suppose 2*s + t*h - 18 = -0*h, -5*h + 29 = 3*s. Suppose -s*u + 70 + 23 = 0. What are the prime factors of u?
31
What are the prime factors of (-501)/(-2)*(-360)/(-30)?
2, 3, 167
Let f(b) = -7*b - 3. Let y be f(-8). Let p = 14 + y. What are the prime factors of p?
67
Suppose 7*g = 6175 + 15217. What are the prime factors of g?
2, 191
Let l = 95 - 91. Suppose l*v - 265 = 703. What are the prime factors of v?
2, 11
Suppose 0 = 19*i - 22*i + v + 6783, 0 = -4*i - 5*v + 9063. What are the prime factors of i?
2, 3, 13, 29
Let p(c) = -2*c + 35. Let y be p(-10). Let l = -27 + y. List the prime factors of l.
2, 7
Suppose 2*a = a - 323. List the prime factors of a/(-5) + (-8)/(-20).
5, 13
Suppose 2*v - 3*b = -49, 0 = v - 2*b + b + 26. Let k = -11 - v. Let h(c) = -c**3 + 18*c**2 + 3*c - 12. List the prime factors of h(k).
2, 3, 7
Suppose 4*z - 3637 - 219 = 0. What are the prime factors of z?
2, 241
Let f(s) = 8*s**2 + 4*s + 3. Let q(i) = -i + 4. Let a be q(-5). Let h(p) = p**3 - 8*p**2 - 8*p - 11. Let z be h(a). List the prime factors of f(z).
3
Let h(k) = 74*k + 1. Let r be h(1). Let s = r + -25. Suppose -4*w - 29 = -u, -4*w - s = -5*u + 79. List the prime factors of u.
5
Let p(z) = z + 1. Let a be (12 - -3)*(-4)/12. Let v be a/(-2)*48/20. List the prime factors of p(v).
7
Suppose 23*v + 84*v = 253269. What are the prime factors of v?
3, 263
Let a(v) = 3*v + 4*v**3 - 10*v**2 + 5*v**3 - 11*v**3 + 7. List the prime factors of a(-7).
2, 7, 13
Let b(h) = -12*h**3 - 93*h**2 - 19*h + 11. What are the prime factors of b(-10)?
3, 967
Let r(k) = -k**2 - 14*k - 22. Let y be r(-13). Let m(p) = -15*p + 10. What are the prime factors of m(y)?
5, 29
Let v = 69 + -48. Suppose -3*j - 5*r = -7, -2*j = -j - r + 11. Let b = v - j. List the prime factors of b.
3
Suppose -4 + 49 = -5*b. Let h(r) = -6*r - 14. What are the prime factors of h(b)?
2, 5
Let z = -199 - -783. List the prime factors of z.
2, 73
Let o = 229 + 1119. What are the prime factors of o?
2, 337
Let p = 99 + -58. Let b = p - 31. List the prime factors of (-8)/b + (-327)/(-15).
3, 7
Let b(d) = 3*d + 2 + 4 - 2*d + 0*d. Let z be b(-5). List the prime factors of (-20 + z)/(3/(-3)).
19
Let u = -28 + 45. Suppose 4*j - u = 5*j - 4*x, -5*x + 13 = -4*j. What are the prime factors of j?
3
Suppose -2*i + q + 7 = i, -3*q = 3. Suppose i*z = 4*z - 910. Suppose 0 = -0*h + 7*h - z. List the prime factors of h.
5, 13
Let x be -10*(-1)/(-6)*-9. Let w = x - 6. Suppose 0 = -5*i + 21 + w. List the prime factors of i.
2, 3
List the prime factors of (-11 - -9)*-151*1.
2, 151
Suppose 10 = -3*o + o, -4*d + 31 = -3*o. What are the prime factors of d/(1 + (-22)/26)?
2, 13
What are the prime factors of 2364/(-6 - -10) - -5?
2, 149
Let b(m) be the first derivative of 2*m + 3/2*m**2 + 1. List the prime factors of b(9).
29
List the prime factors of (29678/33)/(4/(-12) + 1).
19, 71
Let y = -7 + -7. Let g be ((-2)/3)/(y/756). Suppose -w = -4*t + 47, t + 2*t - w = g. What are the prime factors of t?
11
Suppose 15710 = 13*d - 14021. What are the prime factors of d?
2287
Let n(k) = -3*k + 118. List the prime factors of n(-6).
2, 17
Suppose 482 = p - 2*w, -4*p + 521 = -5*w - 1395. Let t = 732 - p. What are the prime factors of t?
2, 3, 43
Suppose 4 = -3*l + 4*l. Let h be (1 - 1)*l/(-12). Suppose p - 2 = -h*p. List the prime factors of p.
2
Suppose 5*c = -g + 17, -4*c = -7*c + 3. Let t = 12 - g. Let a = 7 + t. List the prime factors of a.
7
Suppose 2*k - 5*k = -177. List the prime factors of k.
59
Let g(b) = b**2 + 2*b + 3. Let q be g(-2). Suppose -12 - q = 5*n. List the prime factors of (12 + n)/((-3)/(-2)).
2, 3
Let v be 18/(3 - 2 - 0). Suppose -v - 2 = -5*x. Suppose 0 = -x*b + 3*b + 16. List the prime factors of b.
2
Let y(a) = 12*a**3 - 4*a + 5. List the prime factors of y(3).
317
Let a = -158 + 338. List the prime factors of a.
2, 3, 5
Suppose 0 = -2*n + n - 4, -3*t + n = -25. List the prime factors of (8/(-5))/(t/(-1330)).
2, 19
Suppose 0*a - 284 = -2*d - 5*a, -d - 5*a = -132. List the prime factors of d.
2, 19
Suppose 5*w - 1799 = -3*p, -2*w + 593 = p + w. List the prime factors of p.
2, 19
Suppose 0 = -z + 2*d - 13, -4*z - 3*d - 8 + 0 = 0. What are the prime factors of ((-2)/z + 1011/60)*4?
3, 23
Let o(x) = -x**2 - 5*x + 11. Let k be o(-7). What are the prime factors of k/(62/(-30) - 8/(-4))?
3, 5
Let u = 4 - 14. Let t(n) = -n + 6. Let y be t(0). What are the prime factors of (8/y)/(u/(-75))?
2, 5
Let s be 2 + (-2 - (2 - 82)). Let p = 126 + -122. Suppose n - s = -p*n. What are the prime factors of n?
2
Suppose 5*c + y - 6193 - 536 = 0, 1348 = c - 2*y. List the prime factors of c.
2, 673
Suppose -3*r - 5*a = -a - 2357, 2*a = 5*r - 3963. List the prime factors of r.
7, 113
Let s = 12 + -2. Suppose s - 31 = -5*l - c, 2*c = l - 2. Suppose -l*z + 84 = 28. List the prime factors of z.
2, 7
What are the prime factors of (4/10)/((-27)/(-101925))?
2, 5, 151
Suppose -5*a = -2*d - 0*d + 298, 2*d = -5*a + 278. Suppose -4*q - 32 + d = 0. List the prime factors of q.
2, 7
Let n = -384 + 574. List the prime factors of n.
2, 5, 19
Let s = -342 - -991. List the prime factors of s.
11, 59
Suppose -3*t - 12 = 0, -4*t - 6 - 65 = -5*w. Let k be (5 + -9)/(8/(-6)). Suppose -w = -k*u - 2. What are the prime factors of u?
3
Suppose 11*r = 23377 - 6195. List the prime factors of r.
2, 11, 71
Let v(r) = r**2 - 9*r + 16. Let h be v(7). Suppose 0 = h*i - 6, -d + 3*i + 4 = -17. List the prime factors of d.
2, 3, 5
Let u(s) = -3*s - 1. Let n be u(-2). Suppose -3*z = 3*p - 165, 0 = -n*p + 2*z - 6*z + 278. What are the prime factors of p?
2, 29
Let h(t) = 153*t + 33. List the prime factors of h(17).
2, 3, 439
Let j(l) = -l + 21. Suppose -4*q + 40 = -16. Let h be j(q). Suppose -2*s + h = 1. List the prime factors of s.
3
Let d = -1247 - -2031. What are the prime factors of d?
2, 7
Let y(n) be the third derivative of 0 + 1/120*n**6 + 0*n - 1/12*n**5 + 1/12*n**4 - 7/6*n**3 + 6*n**2. List the prime factors of y(5).
3
Let b = -3080 + 4908. What are the prime factors of b?
2, 457
Let x = -81 + 85. Suppose -5*k - x*k + 792 = 0. List the prime factors of k.
2, 11
Let i = -12 + 14. Suppose 0 = 4*w - 0*z + i*z - 4, 4 = -2*z. Suppose 76 = w*b + 2*b. List the prime factors of b.
19
Let z = 1204 - 516. List the prime factors of z.
2, 43
Let r be (-164)/(-28) + (-3)/(-21). Let q be r*(3 - 0)*-2. What are the prime factors of (12/q)/(1/(-63))?
3, 7
Let c = -12 - -44. Suppose -2*d = -4*u + c, -2 - 6 = 2*d. List the prime factors of u.
2, 3
Let y(b) = -b**3 - 3*b**2 - 8*b + 5. Let t be y(-9). Suppose 6*m - t = -191. What are the prime factors of m?
2, 31
Suppose 114 = 4*v + 3*f, -v + 5 + 16 = -3*f. 